16. Let v(t) = -8*i(t) + 5*y(t). What is v(-7)?
-13
Let c(x) = -349*x + 1. Let m(q) = -640*q + 2. Let z(u) = -11*c(u) + 6*m(u). Calculate z(0).
1
Let v(c) = -c**2 - 8*c - 2. Suppose 31*x - 2*r = 32*x - 1, -2*x + r = 18. Calculate v(x).
5
Let h(b) = 6*b + 7*b**2 - 3 - b + 2*b - 2*b + 2*b**3. What is h(-4)?
-39
Let h(j) = j**3 + 42*j**2 - 96*j - 346. Let r be h(-44). Let w(v) = v**3 - 7*v**2 + 5*v - 6. Calculate w(r).
-12
Let t = 31 + -26. Suppose -13 = 2*b - b + 4*q, q - 30 = -t*b. Suppose 4*f = -b - 21. Let s(w) = -w**3 - 7*w**2 - w - 2. Give s(f).
5
Let n(h) = 9*h - 31. Let f(u) = u + 11 - 15*u - u + 12*u. Let d(b) = -17*f(b) - 6*n(b). Calculate d(-5).
14
Let w(z) = -2*z. Let m(n) = -11*n - 76. Let a(i) = m(i) - 4*w(i). Let u be a(-27). Let o(p) be the first derivative of -5*p**2/2 + 5*p - 6. Determine o(u).
-20
Let t(w) = -w**3 - 5*w**2 - 7*w - 5. Let y = -50 - -50. Let d be y - -5*(-4)/10. Let f(v) = -v**2 - v - 2. Let z be f(d). Determine t(z).
7
Let z(p) = -3433 - p - 3*p + 3421 + p - 2*p**3 + 8*p**2. Determine z(4).
-24
Let c(d) = -d**3 + 8*d**2 + 15*d + 6. Let u(f) = 804*f + 7246. Let x be u(-9). Calculate c(x).
-44
Let h(w) = -104*w**2 - 5*w**3 - 149*w**2 + 15 - 112*w**2 + 364*w**2 + 5*w. What is h(-3)?
126
Let t be (2 - -2)/((-4)/6). Let w(j) = -2*j**3 - 124*j**2 - 11*j + 3 + 3*j + j**3 + 119*j**2 + 15*j. What is w(t)?
-3
Let j(o) = o**3 + 3*o**2 + o + 2. Let g be 16/28 - 6*(-2)/(-21). Let b(l) = l**3 - 56. Let a be b(g). Let t = 54 + a. Give j(t).
4
Let o(a) = a**2 - 7*a + 9. Suppose 2*d - 94 = -5*u, 0 = 5*u - 4*u - 4*d - 10. Let x be u/(-8)*24/(-9). Determine o(x).
3
Let g(x) = -70154*x - 14*x**2 - 7 + 70157*x + 19 - x**3 + 18. What is g(-14)?
-12
Let c(s) = 95*s**3 + 4*s**2 - 5*s + 4. Let u(h) = 188*h**3 + 9*h**2 - 11*h + 9. Let w(b) = -7*c(b) + 3*u(b). Calculate w(1).
-101
Let b(d) = 2*d**2 - 7*d + 6. Let z(v) = -v**2 - 1. Let c(i) = b(i) + z(i). Let t(l) = -l**2 + 22*l - 48. Let q be t(19). Suppose q - 3 = m. What is c(m)?
-1
Let w(h) = -h**3 - 5*h**2 + 10*h + 9. Let a be w(-7). Let x = 42 - a. Let y(f) = -f**2 + 0 + 2*f**2 - 7*f - 1 - 1. Calculate y(x).
-12
Let d(k) = -k. Let s be -2 + (3 + 0 - -14). Suppose y - 4*y = -s. Suppose 5 = -2*t - 3*o, -2*t - y = t + 2*o. Give d(t).
1
Let v(z) = z**3 + 6*z**2 + 3*z - 7. Let n = 83 - 58. Suppose -25*y = -20*y + n. What is v(y)?
3
Let o(s) = -s**3 + 11*s**2 + 24*s + 28. Let r be o(13). Let h(g) be the third derivative of -g**6/40 + g**5/30 - g**4/24 - g**3/6 - 208*g**2. Give h(r).
-19
Let a(f) be the third derivative of -f**5/60 + f**3/2 - 2*f**2 - 3. Let t be (-126)/(-4) + (-17)/(-34). Let i = -32 + t. Give a(i).
3
Let f(w) = 2*w**2 + 2. Let d be f(0). Let n(x) = -1 - 1 - x**d + x - 2*x + 3 + 3*x**3. Suppose -3*s - 1 = -4*s. Give n(s).
2
Let i(k) = -k + 2. Suppose -4*b + 45 = 5*o, 0 = -5*b - o + 24 + 27. Suppose -176 = -b*t - 156. What is i(t)?
0
Let r(m) be the third derivative of m**6/12 - m**5/60 - 5*m**4/24 - m**3/3 + 885*m**2. Calculate r(-2).
-76
Let w(l) = -13*l**3 + 10*l**2 + 4*l - 19. Let m(r) = -2*r**2 - 19 + r**2 - 11 + 51 + 2*r**3 - 18. Let x(a) = -6*m(a) - w(a). Give x(5).
6
Let u(g) be the third derivative of -29*g**4/24 - 29*g**3/6 - 13*g**2 - 129. Give u(-1).
0
Let p(g) = 8*g**2 + 5*g - 24 - 14*g - 9*g**2 + 2*g**2. Let w be p(12). Let c(u) = -u**2 + 12*u - 4. Let h be c(w). Let t(y) = -y**2 - 4*y - 4. Give t(h).
-4
Let y(h) = -h**2 - 9*h + 10. Suppose 4*t = -554 + 1650. Let s = t + -283. What is y(s)?
10
Let m(i) = i**3 - 5*i**2 - 6. Suppose 52 = u + 36. Let b be (u - 1)*8/20 - 1. Give m(b).
-6
Let c(g) = -7*g - 1. Let a(n) = -n. Let l be (1/5)/(36/20 - 2). Let y(f) = l*c(f) + 6*a(f). Give y(4).
5
Let y(q) be the first derivative of q**4/4 - q**3/3 + 772. Let n = 18 + -15. Suppose i = -n*i. Determine y(i).
0
Suppose -p - 8 = h, -h + 2*h = p + 2. Let d be (-3)/3 + (-30)/h. Let s(y) = y**3 - 10*y**2 + 6*y + 5. What is s(d)?
-22
Let n(u) = -u**2 + 6*u - 6. Let i be ((-132)/77)/((-4)/1274). Let w = 551 - i. Determine n(w).
-1
Let a(g) = 6*g + 91. Suppose 1643 + 21 = -38*z - 26*z. Calculate a(z).
-65
Let h(p) = -250*p**2 - 19*p - 36. Let s(f) = 48*f**2 + 4*f + 7. Let r(v) = -2*h(v) - 11*s(v). What is r(-1)?
-27
Let u(v) = -6*v**2 - 5*v + 0*v + 1 + 1 - v**3. Suppose 2*c = 10, -y = 2*y - c - 31. Suppose -5*h - 15 = 16*a - 17*a, -y = 4*a - 2*h. What is u(a)?
2
Let n(c) = -2*c**2 - 17*c + 103197 - 51577 - 51600. What is n(-13)?
-97
Suppose -3*y + 7 = s, -y = -2*y + 1. Suppose q - 5*m - 1 + 11 = 0, 4*q - s*m = -24. Let f(v) = -v**3 - 6*v**2 - 2*v. Determine f(q).
-15
Let h = -8 + 3. Let r(d) be the first derivative of -d**4/4 - 5*d**3/3 + 5*d**2/2 - 6*d + 7989. Give r(h).
-31
Let w be 1*60/(2 - -8). Let z(f) = -f + 11. Determine z(w).
5
Let g(p) = 8*p**2 + 25*p + 44. Let s(l) = -5*l**2 - 13*l - 23. Let b(x) = 3*g(x) + 5*s(x). Calculate b(11).
6
Let y = -228 - -225. Let r(k) = -4*k**3 - 12*k**2 + 14*k + 6. Let l(c) = -3*c**3 - 11*c**2 + 13*c + 7. Let x(j) = y*l(j) + 2*r(j). What is x(-10)?
1
Let i(d) be the second derivative of d**4/12 + 4*d**3 + 105*d**2/2 + 143*d. Calculate i(-6).
-3
Suppose 5*p - 3*z = 0, -3*p - 5*z = -z - 29. Let g be (-6)/(-4) + p/(-2). Suppose 0 = -g*s - 4*s - a + 21, -a - 15 = -2*s. Let k(x) = 4*x - 3. Give k(s).
21
Let x(j) = 134*j + 2. Suppose -103*o - 403 = 150*o + 150*o. Give x(o).
-132
Let d = 49550 + -49550. Let h(g) be the second derivative of g**5/20 + g**4/12 + 8*g**2 - g. Determine h(d).
16
Let z(b) = 5*b + 3*b**2 - 4*b**2 + b**3 - 5*b**2 + 6. Let q = 94550 + -94547. What is z(q)?
-6
Let p(d) = d**3 - 7*d**2 + 5*d - 11. Let h = -8969 + 8976. Give p(h).
24
Let c(x) = -x - 5*x**2 - 40355 - 40365 + 80724. Calculate c(0).
4
Let u(q) = 7*q - 2*q + 12*q**3 + 35*q**2 + 13 - 15*q**3 - 76*q**2 + 36*q**2. Determine u(-4).
105
Let x(o) = o**3 - 12*o**2 + 12*o - 135. Let y(j) = j**3 - 58*j**2 + 263*j + 118. Let k be y(53). What is x(k)?
9
Suppose 5*q = 2*d - 5, q + 74 = 4*d + 91. Let b(u) = u**3 + 2*u**2 - 6*u - 9. Calculate b(q).
0
Let x(j) = -40*j + 3 + 61*j - 25*j - 4 - 2. Let g(h) = h**3 - 3*h - 2. Let z be g(-2). Let f(r) = -r**2 - 4*r - 2. Let l be f(z). Give x(l).
5
Let w(s) = -2*s**2 + 6*s + 4. Suppose 12*n = -6*n. Suppose n = g - 7*g + 30. What is w(g)?
-16
Let i(f) be the first derivative of -25*f**2/2 - 10*f - 360. Give i(-1).
15
Let y = -69 - -71. Let x(m) be the third derivative of 0*m + 0*m**4 + 0 + 5*m**2 - 1/20*m**5 - 1/3*m**3. Give x(y).
-14
Let v be ((-3)/4)/(6/(-24)). Let z(a) = 0*a**v - 11 - 5*a**3 + a**2 - 2*a + 12. Let p = 265 + -264. Determine z(p).
-5
Suppose -5*k + 3 = 8. Let j(v) = -1 - 249*v**2 + 222*v**2 + 18*v**2. Determine j(k).
-10
Let w(q) = 2*q**3 + 23*q**2 + 12*q + 14. Let j be w(-11). Let g(u) = -3*u - 6*u + 5*u + j*u. Determine g(0).
0
Suppose 10*a - 9 = 7*a. Let q(i) = -i**a + 1225 - 7*i + 0*i**2 - 6*i**2 - 1230 + 0*i**3. Give q(-5).
5
Let s(u) = -u**2 - 7*u + 9. Let n be s(2). Let b(i) = -6*i**2 + 4*i + 5. Let g(j) = 5*j**2 - 5*j - 6. Let p(w) = 6*b(w) + 7*g(w). Calculate p(n).
6
Let a(m) = m**3 + 12*m**2 + 9*m - 2. Suppose 3*o = 1404 + 807. Let k = o + -748. Give a(k).
20
Let y be (6 - 3)/(-6 - -3). Let t be y/((-5)/(-60)*2). Let b(r) = 4*r - 5. Let c(a) = -a. Let w(z) = t*c(z) - b(z). What is w(-4)?
-3
Suppose -3*o = t - 5, 2*t - 4*o + 1 + 39 = 0. Let x(l) = l**2 + 11*l + 11. Give x(t).
1
Let o(x) = x**2 - 13*x + 17. Let c = 5768 + -5758. Give o(c).
-13
Let n(l) be the third derivative of -l**4/24 - 3*l**3/2 - 1276*l**2. Calculate n(-7).
-2
Let z(r) = -r**3 - 3*r**2 + 5*r + 2. Let n = -310 + 368. Suppose -17*d - n = 10. Calculate z(d).
-2
Suppose -1 = 3*h - 2*q - 8, 4*h = -2*q. Let p(d) = -8 + h - d + 2 + 10. What is p(9)?
-4
Let m = -156 + 160. Suppose y + 2*y = m*w + 6, 0 = -5*w - 15. Let x(p) = 2*p**2 + 2*p. Calculate x(y).
4
Suppose -131*h + 55*h + 598 = -53*h. Let l(c) = 11*c - 290. Calculate l(h).
-4
Suppose -46 = 16*x - 12*x - 5*y, 3*x = 5*y - 37. Let u(a) = a**2 - 3*a + 4*a - 4 + 7*a. What is u(x)?
5
Let n(v) = 6*v + 13. Let y(d) = 14*d + 26. Suppose f - 2 = -5*q + 2*q, -4*q + 21 = 5*f. Let z(h) = f*n(h) - 2*y(h). Determine z(-11).
-9
Let u be 2*(-1)/1 + 147. Suppose 5*s + 5*v = u, -2*s + 54 = -v + 5*v. Let m = s - 35. Let n(p) = -p. What is n(m)?
4
Let j(b) = 6*b + 46. Let x be (2*3 + -1 + 0)*56/(-35). What